{"id":811,"date":"2023-05-25T21:43:35","date_gmt":"2023-05-25T21:43:35","guid":{"rendered":"https:\/\/finaccion.cl\/academia\/?post_type=product&#038;p=811"},"modified":"2023-11-13T11:46:25","modified_gmt":"2023-11-13T15:46:25","slug":"programa-contable-basico","status":"publish","type":"product","link":"https:\/\/finaccion.cl\/academia\/product\/programa-contable-basico\/","title":{"rendered":"Programa Contable b\u00e1sico"},"content":{"rendered":"<p>Sum\u00e9rgete en el apasionante mundo de las finanzas y la contabilidad con el Triple Pack Cursos Contables. Este completo pack de cursos te brinda una s\u00f3lida formaci\u00f3n en las \u00e1reas iniciales de contabilidad y finanzas, proporcion\u00e1ndote los conocimientos y las herramientas necesarias para llevar adelante tu emprendimiento de manera exitosa.<\/p>\n<p>En este pack, aprender\u00e1s de la mano de nuestros expertos en tres cursos fundamentales:<\/p>\n<ol>\n<li>Contabilidad 1: Contabilidad B\u00e1sica<\/li>\n<li>Contabilidad 2: Libros Reglamentarios<\/li>\n<li>Separar Finanzas Personales de las del Negocio<\/li>\n<\/ol>\n<p>Este pack de cursos est\u00e1 dise\u00f1ado para:<\/p>\n<ul>\n<li>Emprendedores iniciales que desean adquirir las bases fundamentales en contabilidad y finanzas para gestionar su negocio desde el inicio.<\/li>\n<li>Emprendedores que ya han iniciado su actividad empresarial y desean fortalecer sus conocimientos en contabilidad y finanzas para mejorar la toma de decisiones.<\/li>\n<li>Personas que desean emprender y desean contar con una base s\u00f3lida en contabilidad y finanzas para comenzar su negocio de manera adecuada.<\/li>\n<\/ul>\n<p>No importa tu nivel de experiencia o conocimientos previos, el Triple Pack Cursos Contables te brinda la oportunidad de adquirir los conocimientos esenciales y las habilidades pr\u00e1cticas necesarias para llevar adelante tu emprendimiento con confianza y \u00e9xito. \u00a1\u00danete a nosotros y descubre c\u00f3mo dominar el mundo financiero de tu negocio!<\/p>\n","protected":false},"excerpt":{"rendered":"<p>Potencia tus habilidades financieras y contables con el TriplePack Emprendedor. Este pack de cursos te brinda las bases s\u00f3lidas en las \u00e1reas de contabilidad y finanzas necesarias para llevar adelante tu emprendimiento. Aprende a manejar tus registros contables, analizar estados financieros y tomar decisiones financieras informadas. Impulsa el crecimiento de tu negocio con conocimientos fundamentales en contabilidad y finanzas. \u00a1Emprende con confianza y domina el mundo financiero de tu emprendimiento!<\/p>\n","protected":false},"featured_media":885,"comment_status":"open","ping_status":"closed","template":"","meta":[],"product_cat":[59],"product_tag":[],"class_list":["post-811","product","type-product","status-publish","has-post-thumbnail","hentry","product_cat-programas"],"_links":{"self":[{"href":"https:\/\/finaccion.cl\/academia\/wp-json\/wp\/v2\/product\/811","targetHints":{"allow":["GET"]}}],"collection":[{"href":"https:\/\/finaccion.cl\/academia\/wp-json\/wp\/v2\/product"}],"about":[{"href":"https:\/\/finaccion.cl\/academia\/wp-json\/wp\/v2\/types\/product"}],"replies":[{"embeddable":true,"href":"https:\/\/finaccion.cl\/academia\/wp-json\/wp\/v2\/comments?post=811"}],"wp:featuredmedia":[{"embeddable":true,"href":"https:\/\/finaccion.cl\/academia\/wp-json\/wp\/v2\/media\/885"}],"wp:attachment":[{"href":"https:\/\/finaccion.cl\/academia\/wp-json\/wp\/v2\/media?parent=811"}],"wp:term":[{"taxonomy":"product_cat","embeddable":true,"href":"https:\/\/finaccion.cl\/academia\/wp-json\/wp\/v2\/product_cat?post=811"},{"taxonomy":"product_tag","embeddable":true,"href":"https:\/\/finaccion.cl\/academia\/wp-json\/wp\/v2\/product_tag?post=811"}],"curies":[{"name":"wp","href":"https:\/\/api.w.org\/{rel}","templated":true}]}}