{"id":1153,"date":"2023-10-25T21:27:24","date_gmt":"2023-10-26T01:27:24","guid":{"rendered":"https:\/\/finaccion.cl\/academia\/?post_type=product&#038;p=1153"},"modified":"2024-06-27T12:23:37","modified_gmt":"2024-06-27T16:23:37","slug":"programa-de-finanzas-personales","status":"publish","type":"product","link":"https:\/\/finaccion.cl\/academia\/product\/programa-de-finanzas-personales\/","title":{"rendered":"Programa de Finanzas Personales"},"content":{"rendered":"<p><strong>Impulsa tu futuro financiero desde hoy<\/strong><\/p>\n<p>\u00bfTe imaginas tener el control total de tus finanzas desde una edad temprana? \u00a1Es posible! Nuestro curso de Finanzas Personales para J\u00f3venes te brinda las herramientas necesarias para construir un futuro financiero s\u00f3lido y pr\u00f3spero.<\/p>\n<p><strong>\u00bfPara quienes es este curso?<\/strong><\/p>\n<ul>\n<li>Cup\u00f3n Especial de Ingreso<\/li>\n<\/ul>\n<p><strong>Por qu\u00e9 este curso es esencial para ti:<\/strong><\/p>\n<ul>\n<li><strong>Aprender\u00e1s a presupuestar como un profesional:<\/strong> Nuestro enfoque pr\u00e1ctico te ense\u00f1ar\u00e1 a administrar tu dinero eficazmente desde el principio.<\/li>\n<li><strong>Inversiones inteligentes:<\/strong> Descubre c\u00f3mo hacer crecer tu dinero mediante inversiones inteligentes, incluso con un presupuesto limitado.<\/li>\n<li><strong>Gesti\u00f3n de deudas:<\/strong> Aprende estrategias para evitar deudas innecesarias y liberarte de las que ya tienes.<\/li>\n<li><strong>Planificaci\u00f3n para el futuro:<\/strong> Te ayudaremos a establecer metas financieras realistas y a crear un plan s\u00f3lido para alcanzarlas.<\/li>\n<\/ul>\n<h4><strong>Incluye<\/strong><\/h4>\n<ol>\n<li>Acceso inmediato<\/li>\n<li>Material Grabado o digital<\/li>\n<li>Consultas y dudas todos los lunes 15 a 16 horas por zoom<\/li>\n<li>Deja escritas todas tus dudas en la plataforma o escr\u00edbenos al Wpp: 569 8558 3226<\/li>\n<\/ol>\n<h4><strong>Contenidos<\/strong><\/h4>\n<p><strong>Programa de Finanzas personales<\/strong><\/p>\n<ol>\n<li>Establece Metas financieras para una vida equilibrada<\/li>\n<li>Comienza con tus Finanzas cotidianas del d\u00eda a d\u00eda<\/li>\n<li>Aprende conceptos financieros relevantes<\/li>\n<li>No postergues tu Desarrollo financiero personal<\/li>\n<li>Usa el\u00a0 Sistema financiero a tu favor<\/li>\n<li>Comprende\u00a0 que La deuda debe ser buena para estar\u00a0 saludable<\/li>\n<li>Conoce los diversos Instrumentos de\u00a0 ahorro e inversi\u00f3n<\/li>\n<li>Aprende a perder el miedo y saber cuales son tu Impuestos personales<\/li>\n<li>Construye tus finanzas de largo plazo<\/li>\n<\/ol>\n<p>&nbsp;<\/p>\n<p><strong>Lo que obtendr\u00e1s con nuestro curso:<\/strong><\/p>\n<ul>\n<li><strong>Conocimiento pr\u00e1ctico:<\/strong> Nuestros instructores expertos te guiar\u00e1n paso a paso en la construcci\u00f3n de tu camino hacia la libertad financiera.<\/li>\n<li><strong>Apoyo continuo:<\/strong> Comunidad en l\u00ednea y acceso a recursos exclusivos para asegurarte de mantener tu impulso.<\/li>\n<li><strong>Certificaci\u00f3n:<\/strong> Obt\u00e9n un certificado al finalizar el curso para destacarte en tu carrera y ante futuros empleadores.<\/li>\n<\/ul>\n<p>&nbsp;<\/p>\n<p><strong>Relator\/a del Curso: Sandra Alza Ram\u00edrez<\/strong><\/p>\n<ul>\n<li style=\"list-style-type: none;\">\n<ul>\n<li>Ingeniero comercial especialista en Marketing y Finanzas. Magister en Gesti\u00f3n educativa de calidad.<\/li>\n<li>Fundadora de Finaccion. Relatora de diversos cursos,\u00a0 talleres especializados. Con una trayectoria docente de hace m\u00e1s de 20 a\u00f1os en diversas instituciones educativas, tanto p\u00fablicas como y privadas. Consultora en gesti\u00f3n, marketing, finanzas, administraci\u00f3n y ventas, postulaciones a fondos para instituciones\u00a0 p\u00fablicas y privadas con m\u00e1s de 10 a\u00f1os de experiencia. Apasionada de los n\u00fameros y todas sus aplicaciones, matem\u00e1ticas, estad\u00edsticas, contabilidad y finanzas.<\/li>\n<\/ul>\n<\/li>\n<\/ul>\n","protected":false},"excerpt":{"rendered":"<div><strong>Calendario\u00a0 Noviembre a Diciembre 2023 y Enero\u00a0 2024<\/strong><\/div>\n<div><strong>Fechas clases en vivo para responder tus dudas<\/strong><\/div>\n<div>\n<p>\u00a1No pierdas m\u00e1s tiempo! Prep\u00e1rate para un futuro financiero exitoso inscribi\u00e9ndote en nuestro Curso de Finanzas Personales hoy mismo. No esperes, comienza a tomar el control de tus finanzas desde ahora.<\/p>\n<p>\u00a1Inscr\u00edbete ahora!<\/p>\n<\/div>\n<p>6 noviembre 2023:Establece Metas financieras para una vida equilibrada<\/p>\n<p>13 noviembre 2023: Finanzas cotidianas del d\u00eda a d\u00eda<\/p>\n<p>20 noviembre 2023: Conceptos financieros relevantes<\/p>\n<p>27 Noviembre 2023:Desarrollo Financiero Personal<\/p>\n<p>4 Diciembre 2023:Sistema financiero<\/p>\n<p>11 Diciembre 2023 :La deuda y el endeudamiento saludable<\/p>\n<p>17 Diciembre 2023:Instrumentos de Ahorro e inversi\u00f3n<\/p>\n<p>20 Diciembre 2023: Impuestos Personales<\/p>\n<p>22 Diciembre 2023: Construyendo mis Finanzas a Largo plazo<\/p>\n<p>&nbsp;<\/p>\n","protected":false},"featured_media":1154,"comment_status":"open","ping_status":"closed","template":"","meta":[],"product_cat":[59],"product_tag":[],"class_list":["post-1153","product","type-product","status-publish","has-post-thumbnail","hentry","product_cat-programas"],"_links":{"self":[{"href":"https:\/\/finaccion.cl\/academia\/wp-json\/wp\/v2\/product\/1153","targetHints":{"allow":["GET"]}}],"collection":[{"href":"https:\/\/finaccion.cl\/academia\/wp-json\/wp\/v2\/product"}],"about":[{"href":"https:\/\/finaccion.cl\/academia\/wp-json\/wp\/v2\/types\/product"}],"replies":[{"embeddable":true,"href":"https:\/\/finaccion.cl\/academia\/wp-json\/wp\/v2\/comments?post=1153"}],"wp:featuredmedia":[{"embeddable":true,"href":"https:\/\/finaccion.cl\/academia\/wp-json\/wp\/v2\/media\/1154"}],"wp:attachment":[{"href":"https:\/\/finaccion.cl\/academia\/wp-json\/wp\/v2\/media?parent=1153"}],"wp:term":[{"taxonomy":"product_cat","embeddable":true,"href":"https:\/\/finaccion.cl\/academia\/wp-json\/wp\/v2\/product_cat?post=1153"},{"taxonomy":"product_tag","embeddable":true,"href":"https:\/\/finaccion.cl\/academia\/wp-json\/wp\/v2\/product_tag?post=1153"}],"curies":[{"name":"wp","href":"https:\/\/api.w.org\/{rel}","templated":true}]}}